3 - -3)*-3. Let l = -6 - d. What is the remainder when l is divided by y(-17)?
9
Suppose 24 = 3*r + 4*x, -4*r + 4*x + 4 = -0*x. Let q(v) = -v**3 + 2*v + 1. What is the remainder when q(-2) is divided by r?
1
Suppose 3*t - 4*c - 376 = -0, -3*t + 2*c + 380 = 0. What is the remainder when 255 is divided by t?
127
Let p(g) = -g**2 - 13*g + 26. Let m be p(-13). Suppose -m + 107 = 9*u. What is the remainder when u is divided by 4/(-12) - 32/(-6)?
4
Let u(s) = s - 6*s + 4*s + 5 + 4. Let k be u(5). Suppose -4*w + 42 = -p + 3*p, 0 = -k*w + 2*p + 22. What is the remainder when w is divided by 5?
3
Suppose -o = -3*o + 26. Let m be 5*(-6)/30*15*1. Calculate the remainder when o is divided by (3 + (2 - (-69)/m))*10.
1
What is the remainder when 1*-502*5/(-2) is divided by 74?
71
What is the remainder when 358 is divided by (-3)/((-13)/1911*7)?
43
Suppose 3*m + 0*m = 6. Suppose 6*d - m*d - 44 = 0. Calculate the remainder when (-2 - 1) + 4 + 18 is divided by d.
8
Suppose 3*b + 5*k = -3 + 93, 0 = -3*b + 5*k + 90. Suppose -4*h + b = -22. Suppose 4*r - r - 150 = 0. Calculate the remainder when r is divided by h.
11
Suppose 4*r = -r + 10. Suppose -58 = -r*g - 5*w, -g - 5*w + 2*w + 31 = 0. What is the remainder when g is divided by 12?
7
Suppose -49*g + 50*g = 6. Suppose -g = 7*n - 55. Calculate the remainder when 23 is divided by n.
2
Let q be (-6)/(-8) + 51/(-68). Suppose -2*a + 5*s + q = 2, -4*a = 5*s - 56. What is the remainder when 51 is divided by a?
6
Suppose 731*h - 1914 = 728*h. Calculate the remainder when h is divided by 64.
62
What is the remainder when (-1 + 2)/(9 - (-30170)/(-3353)) is divided by 37?
35
Let f(v) = 3*v. Suppose 142 + 623 = -9*l. Let h = l + 100. What is the remainder when h is divided by f(3)?
6
Let g = 77 + 3. Suppose g = 10*t - 5*t. What is the remainder when t is divided by 10?
6
Suppose -9*x = 13*x - 154. Let o = 167 + -100. Calculate the remainder when o is divided by x.
4
Let f(x) = 47*x - 84. Calculate the remainder when f(8) is divided by 21.
19
Let k(t) = -t**2 + 8*t - 4. Let z be k(8). Let j = -8 - -5. What is the remainder when 26 is divided by j/(-6) + (-54)/z?
12
Let b = 93 - 18. Calculate the remainder when b is divided by ((-16)/8 - 36)*(0 + -1).
37
Suppose -195 = -n - 4*n. Let m = -77 + 111. What is the remainder when m is divided by ((-18)/(-7))/(n/182)?
10
Let p = -378 + 557. Let r(m) = m**2 - 2*m - 3. Calculate the remainder when p is divided by r(-6).
44
Suppose -13*h + 30 = 4. What is the remainder when (15 - 0/6)/(h - 1) is divided by 6?
3
Suppose -4 = -4*t, 4*i = 8*i + 4*t - 24. Let g be (-5 + 6)*(0 + -9). Let h = 5 - g. What is the remainder when h is divided by i?
4
Let y = 4 - 2. Suppose y*i + 21 = f - 3, -4*f + 96 = -4*i. Suppose 2*n - f = -n. Calculate the remainder when 21 is divided by n.
5
Suppose 2*l = -0*a - 4*a + 2, 2*l = -2*a + 12. What is the remainder when ((-93)/(-6))/(3/6) is divided by l?
9
Let y(g) = -g**2 - 12*g + 1. Suppose 46 = -3*x + 10. Let b be y(x). What is the remainder when 59 is divided by (-2 - b - -25) + -2?
19
Suppose -4*j = -0*g + 2*g - 210, 0 = -3*j. Let w = 176 - g. What is the remainder when w is divided by (1 - (-117)/(-6))*(-6 + 4)?
34
Let u(a) = -15*a**2 + a + 1. Let c be u(-1). Let m be 1/2*12*3/(-3). Let h = m - c. What is the remainder when 25 is divided by h?
7
Suppose 9*v - 4*v + 3*s - 260 = 0, 2*v - 113 = -3*s. Suppose 0 = 2*c - n - v, -20 = -c - 0*n + 2*n. Calculate the remainder when 48 - (2/2 - 2) is divided by c.
23
Let x(n) be the third derivative of n**6/120 - 3*n**5/20 + n**3/2 + 5*n**2. Let z be x(9). What is the remainder when 15 is divided by 27/z - (1 + 0)?
7
Suppose 3*q + 3*y - 174 = 0, 250 = 5*q + 18*y - 21*y. What is the remainder when (211 - 0 - 2) + 0 is divided by q?
50
Let o(k) = k**3 - 7*k**2 + 10. Let d = 2615 - 2597. Calculate the remainder when d is divided by o(7).
8
Let q = 101 + -29. Suppose 44 - 5 = y. What is the remainder when q is divided by y?
33
Suppose 0*g = 3*g - 30. Let j = -124 + 203. Let h = j - 50. What is the remainder when h is divided by g?
9
Suppose 14 = 2*b - 64. Let i = 30 + b. Let a = -8 - -26. Calculate the remainder when i is divided by a.
15
Suppose q - 12 = 5. What is the remainder when (5/(75/108))/(6/40) is divided by q?
14
Let r = 363 - 349. What is the remainder when 69 is divided by r?
13
Let v be (13/(-1))/(2/(-6)). Suppose 49 = 2*h - v. What is the remainder when h is divided by 15?
14
Suppose 4*u - v = 74, 5*u = -4*v + 45 + 16. Let m(d) = 16*d + 2. Let g be (-1*(5 - 1))/(-1). What is the remainder when m(g) is divided by u?
15
Let j(m) = -6*m**3 + 1. Let v be j(-1). Suppose -v*a + 3*a = -36. Suppose 0 = 25*o - 999 + 149. What is the remainder when o is divided by a?
7
Suppose 3*p + 2*w - 11 - 21 = 0, 0 = -p - 4*w + 14. Calculate the remainder when p is divided by (6 + 222/(-36))*-18.
1
Let c(i) = i**3 + 7*i**2 + 8*i + 9. Suppose -4*h - d + 6*d + 35 = 0, 3*h + 5*d - 35 = 0. What is the remainder when c(-5) is divided by h?
9
Let h(u) = 10*u + 6. Let o be h(6). Suppose 0 = 3*m - m - o. Let y(b) = -b**2 - 7*b - 3. Calculate the remainder when m is divided by y(-3).
6
Let q(y) = y**2 + 3*y + 1. Let m be 1*(1 - (8 - 4)). What is the remainder when q(-3) is divided by m*(3 - (-10)/(-3))?
0
Let x(m) = -m**2 - m + 2. Let g be x(0). Suppose 5 = y - 6*w + g*w, 5*w = 2*y - 16. Calculate the remainder when 49 is divided by y.
10
Suppose -25 = 5*t, -5*m - 3*t - 24 - 131 = 0. Let o = -25 - m. Let j = o + 1. What is the remainder when j is divided by 3?
1
Suppose 0 = -3*j + 12, -j - 4 = -2*b - 0*j. Let k be 2/(b*2/4). What is the remainder when (-74)/(4/(-4))*k is divided by 25?
24
Let b(t) = 31*t + 36. What is the remainder when b(12) is divided by 82?
80
Suppose -2*k = -r - 4*k + 38, 2*r + 2*k = 74. Let c = -25 + r. Calculate the remainder when 62 is divided by c.
7
Let b(j) = 16*j + 244. Calculate the remainder when b(39) is divided by 15.
13
Let p = -582 - -600. What is the remainder when 681 is divided by p?
15
Let h(g) = -g**3 + 8*g**2 - 3*g - 1. Suppose 5*j - f = 1 + 14, -3*j + 1 = f. What is the remainder when h(7) is divided by j/(-8) - 610/(-40)?
12
Let p be (-27)/18*(-3 - -1). Suppose -p*s = 5*s - 64. What is the remainder when 54 is divided by s?
6
Suppose -2*c - 3*c + 10 = 0. Let k = -22 - -27. Suppose -2*a - 4 = 2*r, -a + 2 = k. What is the remainder when c is divided by r?
0
Let t be -3 + (-2*9)/3. Let z be (-808)/t + 8/36. Let m = z - 57. Calculate the remainder when 129 is divided by m.
30
Suppose 0*k + 5*k = 930. Calculate the remainder when ((-2)/4)/((-3)/k) is divided by 11*(-1)/3*-3.
9
Let u = -50 + 83. Let l = -18 + u. What is the remainder when l is divided by 6?
3
Let k = -167 + 177. What is the remainder when 46 is divided by k?
6
Calculate the remainder when (36/48)/(4/368) is divided by 19.
12
Let v = 2732 - 1634. Calculate the remainder when v is divided by 44.
42
Let s be 10 - 4 - (-1 + 1). Let b = s + -2. Calculate the remainder when b is divided by ((-1)/1)/((-1)/2).
0
Suppose -3*h + 3*u = -93, -10*h = -15*h - 3*u + 171. Calculate the remainder when 171 is divided by h.
6
Suppose 0 = -5*u - 5*m + 2*m + 65, 4*u = -5*m + 52. Suppose -58 = -s - 2*n - 3*n, -3*n = -3*s + 102. What is the remainder when s is divided by u?
12
Suppose 4*s - 2*a - 98 = 0, -5*a = -6*s + 3*s + 56. What is the remainder when 281 is divided by s?
11
Let q = 251 + -225. Calculate the remainder when 59 is divided by q.
7
Let q = -253 + 309. What is the remainder when q is divided by 15?
11
Suppose 0 = -u + 5*p - 2, -11 = -2*p - 3. Suppose -f + k + 22 = -16, 5*f = k + 182. Suppose f*c = 43*c - 364. Calculate the remainder when c is divided by u.
16
Suppose 160*m + 986 = 218*m. What is the remainder when 302/3 + 2/6 is divided by m?
16
Calculate the remainder when 10 - -24 - -9 - (2 - 2) is divided by 15.
13
Let n be (-3)/(-1) - 27/(-3). Suppose 0 = s + 10 - n. Calculate the remainder when 5 is divided by s.
1
Suppose 18 = 4*n - n. Let f be (-10)/(-20)*17 + 1/(-2). Suppose -20 = 7*k - f*k. What is the remainder when k is divided by n?
2
Let z be 1/(-3 + 12*(-12)/(-45)). Suppose -4*t + 5*f = -61, 5*f + 65 = z*t + f. What is the remainder when 1 + -1 + -1 - -25 is divided by t?
6
Calculate the remainder when (70/(-20))/((-1)/10